9)?
4
Suppose -2*x + 3*c + 0*c = 3, -4*c + 4 = 2*x. Suppose -2*l - 3*l = -3*p - 280, x = -2*l - 3*p + 91. What is the units digit of l?
3
Let n be (-6)/4*58/87. What is the tens digit of (0 + -1)*71/n?
7
Let l = -355 - -478. What is the units digit of l?
3
Let i(u) = 5*u**3 - 9*u**2 - 3*u + 6. Let r be i(4). Suppose 5*s + 340 = 4*y, 0*s + 4*s = 2*y - r. What is the tens digit of y?
8
Suppose -10*l + 5*h - 7129 = -12*l, -10726 = -3*l - h. What is the tens digit of l?
7
Let l(v) = -v**3 + 11*v**2 - 13*v - 11. Let u be l(10). Let b = u + 182. What is the hundreds digit of b?
1
Suppose 16*s + 424 + 1336 = 0. What is the units digit of (s - -2)/((30/4)/(-5))?
2
Let k(s) = -s**3 - 5*s**2 - 4*s + 5. Let o be k(-4). Let y(n) = n**3 - 6*n**2 + 6*n + 7. What is the tens digit of y(o)?
1
Let f = -56 - -136. Suppose -p + f = -5*u, -5*u = 4*p - 239 - 81. What is the tens digit of p?
8
Let a(b) = b**3 + b**2 - 7*b + 9. Suppose -4*c + 3 = -3*z + 4, 2*c + 11 = 5*z. What is the units digit of a(z)?
4
Let w(k) be the third derivative of k**5/60 - 5*k**3/6 - 28*k**2. What is the hundreds digit of w(-12)?
1
Let f be 29/(-3) - (-1)/(-3). Let a(l) = -l**2 - 13*l - 21. Let i be a(-2). What is the tens digit of f - -28 - i*3?
1
What is the units digit of 5/(7 - (-180)/(-26))?
5
Let r = -38 + 29. What is the tens digit of 424/12*-1*r/6?
5
Let h(b) = b**2 - b**2 + 3*b - 2*b + b**2 + 1. Let y be h(-4). Suppose 2*f - 5*a = y, -3*f + 0*f + 3*a = -42. What is the tens digit of f?
1
Suppose 0 = -6*u - 3515 + 1067. What is the units digit of 17/(u/(-16)) - 859/(-3)?
7
What is the units digit of (-1 - (-118)/(-10))/(8/(-20))?
2
Let u(v) = 4*v**2 - 24*v - 17. Let g(w) = 3*w**2 - 23*w - 16. Let d(o) = -3*g(o) + 2*u(o). What is the tens digit of d(19)?
5
What is the hundreds digit of 10062/(-2 - -8) + -6?
6
Suppose -2000 = -4*g - 0*x - x, 5*g - 2500 = -2*x. What is the units digit of g?
0
Let g(s) = -9*s + 2. Suppose 0 = 2*q + 92 - 36. Let a be -3*(q/(-6))/7. What is the tens digit of g(a)?
2
Let s(q) = -7 + 4*q**2 + 3*q**2 - 5*q**2 + 6*q. Let y be s(-5). Suppose -11*t = -y*t + 38. What is the tens digit of t?
1
Let b = 49 - 81. What is the units digit of b/(-10)*(-40)/(-16)?
8
Suppose -5*a + 12 = 2. Suppose a*z + 4 - 2 = 0. What is the units digit of (14/4)/(z/(-2))?
7
Let r be 2 + 0 + -2 - -4. Suppose -5*y + 0*o = -r*o - 2, 5*y = -5*o + 20. Let p(g) = 2*g**3 - 2*g**2 + 2*g - 1. What is the units digit of p(y)?
1
Let f be 117/(-12) + (-5)/20. Let j be (79/(-2))/(5/(-20)). What is the tens digit of j/12 - f/(-60)?
1
Let h(z) = -z**3 - z**2 + 4*z - 4. Let o = 20 - 24. What is the units digit of h(o)?
8
Suppose 0 = 4*d + 2*i - i - 16, 3*d - 31 = 4*i. Suppose -d*j = -0*j - 10. Suppose j*f - 4*f = -18. What is the units digit of f?
9
Suppose -2*r + 127 = i - 75, 106 = r + 3*i. What is the units digit of r*2/4*1?
0
Let z(j) = -2*j**3 - 4*j**2 - 6*j - 80. What is the units digit of z(-8)?
6
Let j = 171 + -91. What is the units digit of j?
0
Let o(j) = -j**2 - 3*j + 3. Let a be o(-3). Let u(c) be the first derivative of c**4/4 - c**2 + 4*c - 20. What is the tens digit of u(a)?
2
Let s(u) be the first derivative of 2/3*u**3 + 7/2*u**2 - 4 - 8*u. What is the units digit of s(-6)?
2
Suppose -4*j + 78 = 14. Let k = j + 49. What is the units digit of k?
5
Suppose 2*d - t = -4, -4*t + 0*t + 16 = d. Suppose d = -2*x - 9 + 73. What is the tens digit of x?
3
Let u = 9 - 15. Let p = 34 - 57. Let c = u - p. What is the units digit of c?
7
Let p(n) be the third derivative of -31*n**4/12 + n**3/3 + 22*n**2. What is the tens digit of p(-1)?
6
Let v be 150/(-24) + ((-1)/(-4))/1. Let m(i) = -8*i + 23. What is the tens digit of m(v)?
7
Suppose -3*h = a + 8 - 0, 3*h = 3*a - 24. Let l be (-1)/(-2) - (-18)/a. What is the units digit of 18/l - 6/(-15)?
4
Let u = 585 + 2781. What is the thousands digit of u?
3
Let b be (-1 - -4) + -14 + 122. Let f = 194 - b. What is the units digit of f?
3
Suppose -9*b = -10*b + 20. Suppose -24*t = -b*t - 196. What is the units digit of t?
9
Let w(o) = 6*o**2. Let j be w(1). Let p be (16/j)/((-4)/(-6)). What is the units digit of (-15)/(-13) - p/26?
1
Let t(s) be the third derivative of s**5/60 - s**4/4 - 5*s**3/6 - 7*s**2. Let p be t(7). Let o = p - -11. What is the tens digit of o?
1
What is the units digit of 24/(-132) - (-3 - 37056/44)?
5
Let w(q) = 20*q - 30. Let d be w(21). Suppose -d = -0*l - 2*l. What is the hundreds digit of l?
1
Suppose -2*y - 4*y = -3*y. Suppose y*o + 4*o = 1080. What is the units digit of o?
0
Let x = -18 + 16. Let q be ((-10)/(-3))/(x/(-6)). Suppose 3*t + 301 = q*t. What is the units digit of t?
3
Let b be ((-30)/(-12))/(1/(-26)). Let a(m) = m**3 - m**2 + 4*m - 6. Let c be a(-4). Let n = b - c. What is the units digit of n?
7
Let r = 893 - 744. What is the hundreds digit of r?
1
Suppose -s + a = -4551, 10*s - 7*s + 2*a - 13673 = 0. What is the tens digit of s?
5
Let k = -11 + 10. Let b be 85/30 - k/6. Suppose b*v = 4*i + 56, v - 11 = 4*i + 13. What is the units digit of v?
6
Let i = 71 - 103. Let y = i - -34. Suppose -z + 4*t = -0*z - 35, y*t - 91 = -3*z. What is the units digit of z?
1
Let y(m) = m - 2. Let h be y(3). Let f(s) = 86*s**2 + s. What is the tens digit of f(h)?
8
Suppose -g = 23 - 3331. Suppose 4*o + 0*y - 2*y = g, 3*o - 4*y = 2491. What is the tens digit of o/77 + 2/7?
1
Let w = 10 - 20. Let l be (5/w)/((-2)/24). Suppose -2*g - 80 = -l*g. What is the tens digit of g?
2
Suppose -10 = -5*q - 0*q. Suppose 4*b + m = -2*m - 297, -q*b - 129 = -5*m. Let d = 102 + b. What is the tens digit of d?
3
Let f(d) be the first derivative of -25*d**2/2 + 3*d + 2. What is the units digit of f(-2)?
3
Suppose -q + 6*f - 16 = f, 16 = 4*f. Suppose -u - u - 1 = 3*t, 27 = u - q*t. What is the units digit of u?
7
Suppose -1607 - 1013 = -10*v. What is the hundreds digit of v?
2
Let k be -5*((-17)/(-5) + -1). Let v be k/8 - 12/(-8). Suppose -5*n + 5*b = -v*n - 175, 4*n + 2*b = 110. What is the tens digit of n?
3
Let t = -5 + 11. Suppose 3*l - t = l. What is the units digit of l*((-76)/3)/(-4)?
9
Let z be 3/((-3 + 4)/2). Let f be 86/(-4)*(z - 8). Let o = 73 - f. What is the tens digit of o?
3
Let a = 8 - 4. Let b(s) = 7*s**2 - 2*s - 8. Let n be b(a). Suppose -n = -0*h - 2*h - k, h - 4*k = 66. What is the tens digit of h?
5
Let s = 34 + 28. Suppose s + 78 = 7*q. What is the units digit of q?
0
Let x be 1040/(-6) - (-24)/(-36). What is the tens digit of 1/((-2)/x*3)?
2
Let s(c) = -c**3 + 10*c**2 + c + 4. Let k be s(10). Let i = 18 - k. Let p = -1 + i. What is the units digit of p?
3
Suppose -4*m - 4*b = 4, -b - 1 = -5*m - 0*b. Let t(y) = -2*y + 103. What is the tens digit of t(m)?
0
Let t(f) = f**2 + 2*f + 1. Let z be (-27 - -8)*(2 + -1). Let q = -23 - z. What is the units digit of t(q)?
9
Suppose 3*n = -2*n + 80. What is the units digit of 3/8 - (-1178)/n?
4
Let u(p) be the second derivative of -p**5/20 - 7*p**4/12 - 2*p**3/3 - 8*p**2 - p. What is the tens digit of u(-7)?
1
What is the tens digit of (6 + 290)*3/(-12)*-1?
7
Let q = 4 - -1. Suppose 3*k - 222 = -3*d, 80 = q*d - 3*k - 314. What is the units digit of d?
7
Suppose 0*x - 2*x + 59 = 5*h, h = 3*x - 131. Suppose 0 = -3*n - 5*m - 22 + 66, 2*n - 31 = -3*m. Let o = x - n. What is the tens digit of o?
1
Suppose -f + 4 = 1. Suppose -f = -4*o - w + 1, -5*o - w + 5 = 0. What is the units digit of o?
1
Suppose 5*g - 3*o + 12 = 0, -o + 12 = 2*o. Let z = 3 + g. Suppose 83 = z*k + 17. What is the tens digit of k?
2
Let g = 22 + -22. Suppose -4*j - b = -4, -4*j - 5*b = -g*b - 4. Suppose 3*w + 4*u - j = 4*w, w + 5*u = 35. What is the units digit of w?
5
Suppose c + 5*j - 306 = 2401, -3*j = 15. What is the tens digit of c?
3
Let g = 14 - 22. Let q(k) = -2*k. Let x(v) = 5*v - 10. Let o(y) = 6*q(y) + x(y). What is the tens digit of o(g)?
4
Suppose 0*w = 2*w + l + 13, 3*w + 4*l = -22. What is the tens digit of ((-464)/3)/(-4) - (-4)/w?
3
Let v be 9/15*(4 + -3 + 4). Suppose 2*z + g + 199 = 509, 3*z + v*g - 462 = 0. What is the tens digit of z?
5
Let t(g) = g**3 - 10*g**2 + g - 5. Let h be (0 - 1)/(1/(-10)). Let m be t(h). Suppose -5*o = 2*v - 119, m*v - v + 2*o = 246. What is the tens digit of v?
6
Suppose -5049 = -20*r + 9*r. What is the tens digit of r?
5
Let r(j) = -278*j**2 + 6*j + 4. Let p be r(-1). Let g = -1